posite?
True
Is 462690959 a prime number?
True
Is 37867601 composite?
False
Is 2400164059 composite?
False
Is 561468483401 a prime number?
False
Is 25616443451 a composite number?
False
Is 24382712837 a prime number?
False
Is 39364014017 composite?
False
Is 113097026143 composite?
True
Is 13729966273 a composite number?
False
Is 44164680907 a prime number?
True
Is 6710401067 a prime number?
False
Is 13757115497 composite?
True
Is 213929743 a prime number?
True
Is 434500439 a composite number?
False
Is 16157547221 a composite number?
False
Is 9004385473 composite?
True
Is 64818770429 composite?
True
Is 786265737 prime?
False
Is 20830861769 composite?
False
Is 390656099 prime?
True
Is 18215636869 prime?
True
Is 17216341631 prime?
True
Is 6237657381 a prime number?
False
Is 10057546949 a prime number?
False
Is 527126447 prime?
True
Is 5551112503 a prime number?
True
Is 70768066 a prime number?
False
Is 182767261 prime?
True
Is 1700231059 a composite number?
False
Is 5593030529 a prime number?
True
Is 1388371403 composite?
True
Is 128969364967 a composite number?
False
Is 880056579 composite?
True
Is 2828221679 a composite number?
True
Is 1643787073 a prime number?
False
Is 5121090089 prime?
True
Is 3933526469 composite?
True
Is 67947637 a prime number?
False
Is 646834369 prime?
True
Is 1649803703 composite?
False
Is 1031716381 composite?
False
Is 2305312091 a prime number?
True
Is 53009546159 prime?
True
Is 12440097091 prime?
True
Is 1819007287 a prime number?
False
Is 1347507521 prime?
True
Is 4051632841 prime?
True
Is 99373371367 a prime number?
True
Is 49850981003 composite?
True
Is 23735937535 a prime number?
False
Is 4587049213 a composite number?
False
Is 14711940829 prime?
False
Is 56111283817 prime?
False
Is 437197343 prime?
False
Is 3283807841 a composite number?
False
Is 5389332647 a composite number?
False
Is 436477603 prime?
True
Is 4705611481 a prime number?
False
Is 31852201949 a composite number?
True
Is 9169926351 composite?
True
Is 2137873873 a composite number?
False
Is 3161944307 composite?
False
Is 1020693911 a prime number?
False
Is 9016359227 a composite number?
False
Is 7658053009 composite?
True
Is 7354023251 composite?
True
Is 276423904129 a prime number?
True
Is 123907754999 a prime number?
False
Is 19292375651 a prime number?
False
Is 3682601389 prime?
True
Is 604818527 prime?
True
Is 96480464713 a composite number?
False
Is 45321953489 prime?
False
Is 4433892581 prime?
False
Is 264170359 composite?
False
Is 31804793947 prime?
False
Is 39260687051 a composite number?
False
Is 3005119489 prime?
True
Is 14968168049 composite?
True
Is 2152069261 composite?
False
Is 325948867 a composite number?
False
Is 225504593 a prime number?
True
Is 112414997 composite?
False
Is 110366106803 prime?
True
Is 1592747087 a prime number?
False
Is 508945133 a composite number?
True
Is 44840004193 a composite number?
False
Is 42629723347 composite?
True
Is 24329655073 a composite number?
True
Is 237982068497 a composite number?
False
Is 6729543137 a composite number?
True
Is 4698281647 composite?
True
Is 3458903587 prime?
False
Is 2862034433 a prime number?
True
Is 561454697 prime?
False
Is 214611737 a prime number?
True
Is 2299095137 composite?
False
Is 109396351 prime?
True
Is 239546123 a composite number?
False
Is 31112774839 a prime number?
True
Is 360147370865 prime?
False
Is 63823883 a composite number?
False
Is 900013927 prime?
False
Is 4195219747 a prime number?
True
Is 546037859 a prime number?
True
Is 4596893446 composite?
True
Is 12852199 a prime number?
False
Is 34570001 composite?
True
Is 18173681129 composite?
False
Is 3245451311 prime?
True
Is 7551283835 composite?
True
Is 12065941093 prime?
False
Is 144072057557 composite?
False
Is 3831784339 a composite number?
False
Is 24397901 prime?
False
Is 1680743291 a prime number?
True
Is 2105068937 prime?
True
Is 1134058273 composite?
False
Is 16824511993 composite?
False
Is 4970222083 a prime number?
True
Is 53529661 a prime number?
False
Is 2433888509 a composite number?
True
Is 11190056501 a composite number?
True
Is 1421018701 composite?
True
Is 83933030705 prime?
False
Is 2288687831 a composite number?
True
Is 1097303126 a composite number?
True
Is 3105497359 a prime number?
False
Is 539481863 composite?
True
Is 18343306603 a composite number?
False
Is 4605690697 a composite number?
False
Is 2414578589 a composite number?
True
Is 12398364191 prime?
False
Is 11628018893 a prime number?
False
Is 4462246663 composite?
True
Is 2772812051 a prime number?
True
Is 248739163 a composite number?
True
Is 142457728019 a prime number?
True
Is 2969231015 a composite number?
True
Is 76879964279 composite?
True
Is 7834406771 prime?
True
Is 118127699167 prime?
True
Is 30749417 a prime number?
False
Is 292146467674 composite?
True
Is 234874999 prime?
False
Is 64595217127 composite?
True
Is 3104872193 a composite number?
False
Is 2826544403 a prime number?
True
Is 158064611 a prime number?
True
Is 11695952029 a prime number?
True
Is 414823601 composite?
False
Is 62503367273 prime?
True
Is 197347609 a composite number?
True
Is 52387586539 a composite number?
False
Is 25117932149 composite?
False
Is 34062926797 a composite number?
True
Is 258613151 prime?
True
Is 15594642089 composite?
True
Is 835805759 composite?
False
Is 7154603147 prime?
True
Is 23212518302 a composite number?
True
Is 5035817431 a composite number?
True
Is 18470816687 prime?
False
Is 8785907953 composite?
True
Is 15911305105 a prime number?
False
Is 1202974567 a composite number?
True
Is 18905676763 a composite number?
True
Is 193127782 prime?
False
Is 217155083147 composite?
True
Is 4289032599 a composite number?
True
Is 12686759539 a composite number?
False
Is 4123549231 prime?
False
Is 35251201081 prime?
True
Is 24050308157 a composite number?
False
Is 32930213669 a prime number?
True
Is 699958339 composite?
True
Is 18865229353 composite?
False
Is 4634469907 prime?
False
Is 14638527877 composite?
False
Is 2147439017 a composite number?
False
Is 463636213 prime?
False
Is 37888767053 prime?
True
Is 783486461 prime?
True
Is 1049760581 a prime number?
True
Is 19828341413 prime?
True
Is 507890671 composite?
False
Is 10092335059 a composite number?
False
Is 23593407769 a prime number?
False
Is 108860903 composite?
True
Is 68809019 a composite number?
True
Is 559230949 a composite number?
False
Is 20666651 a prime number?
True
Is 40287371857 a composite number?
False
Is 828992471 prime?
False
Is 7167829349 composite?
False
Is 402506323 prime?
True
Is 1923898531 composite?
False
Is 44919314029 a prime number?
False
Is 68339033 a composite number?
True
Is 2439829837 a prime number?
False
Is 1480058651 a composite number?
True
Is 783306257 a prime number?
True
Is 353254798723 prime?
True
Is 1243350769 a prime number?
True
Is 244280737 a composite number?
False
Is 100210267 composite?
True
Is 32717738749 a prime number?
False
Is 8081629 a prime number?
True
Is 800412571 a composite number?
True
Is 1415871053 a prime number?
False
Is 1528889783 a prime number?
True
Is 75092429 composite?
False
Is 35317913593 a composite number?
True
Is 741313369 composite?
True
Is 327189311 a composite number?
False
Is 3384694969 a composite number?
True
Is 1289082859 prime?
True
Is 683143969 a composite number?
True
Is 235009699171 composite?
True
Is 79314233 prime?
True
Is 1778099711 a composite number?
False
Is 14880110645 prime?
False
Is 46490681 composite?
False
Is 1375087241 prime?
False
Is 739957117 a prime number?
False
Is 19420363013 a prime number?
False
Is 3740221847 composite?
True
Is 1147751621 a composite number?
True
Is 36441756067 a prime number?
True
Is 2805674943 prime?
False
Is 9249108221 a prime number?
False
Is 1142850334 a composite number?
True
Is 16333974151 prime?
False
Is 27683934431 a composite number?
False
Is 76741529 prime?
True
Is 324232123 a composite number?
True
Is 1474338053 composite?
True
Is 1172228777 composite?
True
Is 13844947321 a composite number?
False
Is 3669267733 composite?
True
Is 31838239519 composite?
False
Is 45147122711 a prime number?
True
Is 1066023529 a composite number?
True
Is 6920115178 prime?
False
Is 33913781719 prime?
False
Is 266694619 composite?
True
Is 40272137 a composite number?
False
I